{"version":"1.0","provider_name":"Berlin Style","provider_url":"https:\/\/karafiathorsolya.cafeblog.hu","author_name":"Cafeblog","author_url":"https:\/\/karafiathorsolya.cafeblog.hu\/author\/admin-2\/","title":"A belv\u00e1ros - 1. r\u00e9sz","html":"Turistak\u00e9nt ritk\u00e1n van arra lehet\u0151s\u00e9g\u00fcnk, hogy egy teljes napot egyetlen m\u00fazeumnak szentelj\u00fcnk. De a <a href=\"http:\/\/dhm.de\/\">Historisches Museum<\/a>-ot (T\u00f6rt\u00e9neti M\u00fazem) semmik\u00e9pp nem szabad kihagyni.\r\n\r\n<a href=\"https:\/\/karafiathorsolya.cafeblog.hu\/files\/2013\/01\/IMG_26251.jpg\"><img class=\"alignleft size-medium wp-image-25\" title=\"IMG_2625\" src=\"https:\/\/karafiathorsolya.cafeblog.hu\/files\/2013\/01\/IMG_26251-225x300.jpg\" alt=\"\" width=\"225\" height=\"300\" \/><\/a>Utcai viseleteket indultam fot\u00f3zni, mert Berlinben az egyik legsz\u00f3rakoztat\u00f3bb tev\u00e9kenys\u00e9geim k\u00f6z\u00e9 tartozik, hogy csak megyek, \u00e9s n\u00e9zem a figur\u00e1kat. R\u00f6gt\u00f6n a metr\u00f3n le\u00fclt velem szemben egy alak, aki elk\u00e9peszt\u0151en n\u00e9zett ki: fel\u00fcl t\u00fcsi volt a haja, \u00e1m fejk\u00f6z\u00e9pt\u0151l l\u00e1gy hull\u00e1mokban omlott al\u00e1. Szinte rongyokban volt, holott a g\u00e9ppark, amit mag\u00e1val cipelt, j\u00f3l szitu\u00e1lt embere engedett k\u00f6vetkeztetni. Kaptam is el\u0151 a g\u00e9pem, mire morogni kezdett, majd hadon\u00e1szni, konkr\u00e9tan r\u00f6f\u00f6g\u00f6tt, mire \u00e9n futva menek\u00fcltem. A Lustgartenben kezdtem b\u00f3kl\u00e1szni, abb\u00f3l baj nem lehet, gondoltam, \u00e9s am\u00fagy is le akartam fot\u00f3zni a sz\u00e9pen fel\u00f6lt\u00f6ztetett f\u00e1t. Ez siker\u00fclt is.\r\n\r\nNy\u00e1ron persze klasszabb a hely, de \u00edgy is j\u00f3 n\u00e9zni a padokat \u00e9s napoz\u00f3\u00e1gyakat. Na, a k\u00f6vetkez\u0151 \u00e1ldozatom, a n\u00e9ni az egyik ilyenen \u00fclt. R\u00e9gi, \u00f6z\u00f6nv\u00edz el\u0151tti bund\u00e1t viselt, de a r\u00fazsa belev\u00f6r\u00f6sl\u00f6tt a k\u00f6dbe. A fej\u00e9n \u2013 nem viccelek \u2013 egy horgolt ter\u00edt\u0151 volt, az al\u00f3l g\u00f6nd\u00f6r\u00f6dtek ki platinasz\u0151ke, ondol\u00e1lt tincsei. Egy jelens\u00e9g volt.\r\n\r\n<a href=\"https:\/\/karafiathorsolya.cafeblog.hu\/files\/2013\/01\/IMG_26241.jpg\"><img class=\"alignnone size-large wp-image-29\" title=\"IMG_2624\" src=\"https:\/\/karafiathorsolya.cafeblog.hu\/files\/2013\/01\/IMG_26241-600x450.jpg\" alt=\"\" width=\"600\" height=\"450\" \/><\/a>\r\n\r\nKaptam el\u0151 a g\u00e9pem, \u00e9s innent\u0151l konkr\u00e9t volt az \u00e9letvesz\u00e9ly. Egy fa m\u00f6g\u00fcl el\u0151ugrott a hapsija (hasonl\u00f3an \u00e9p\u00fcletes l\u00e1tv\u00e1ny) \u00e9s ki\u00e1ltozva elzavart. A Historisches Museum bej\u00e1rat\u00e1ig \u00fcgettem. Csak j\u00f6v\u0151 h\u00e9ten akartam felt\u00e9rk\u00e9pezni a legend\u00e1s <a href=\"http:\/\/hu.wikipedia.org\/wiki\/M%C3%BAzeum-sziget\">M\u00fazeumSzigetet<\/a>, de ha m\u00e1r itt vagyok\u2026 (Persze a r\u00e9szletesebb le\u00edr\u00e1s \u00e9s t\u00f6bbi m\u00fazeum se v\u00e1rat sok\u00e1ig mag\u00e1ra.)\r\n\r\n<a href=\"https:\/\/karafiathorsolya.cafeblog.hu\/files\/2013\/01\/karafiathberlin1.jpg\"><img class=\"alignleft size-medium wp-image-31\" title=\"karafiathberlin1\" src=\"https:\/\/karafiathorsolya.cafeblog.hu\/files\/2013\/01\/karafiathberlin1-224x300.jpg\" alt=\"\" width=\"224\" height=\"300\" \/><\/a>Szerencs\u00e9re a divat ott van minden\u00fctt, itt is. A m\u00fazeum lobbyj\u00e1ban <a href=\"http:\/\/stephanhann.com\/\">Stephan Hann<\/a> 5 ruhaszobra fogadja a l\u00e1togat\u00f3kat, az install\u00e1ci\u00f3 az 1987 okt\u00f3ber 28-\u00e1n alap\u00edtott, teh\u00e1t most a huszon\u00f6t \u00e9ves jubileum\u00e1t \u00fcnnepl\u0151 m\u00fazeum tisztelet\u00e9re k\u00e9sz\u00fclt. (Hivatalosan csak 2012 v\u00e9g\u00e9ig lettek volna kint a l\u00e9legzetel\u00e1ll\u00edt\u00f3 alkot\u00e1sok, de a nagy siker miatt logikus a hosszabb\u00edt\u00e1s.) Hann olyan designer \u00e9s m\u0171v\u00e9sz, aki szereti kult\u00fart\u00f6rt\u00e9neti tartalmakkal megt\u00f6lteni az anyagokat. Most plak\u00e1tokat, az eddigi ki\u00e1ll\u00edt\u00e1sokon bemutatott filmeket, fot\u00f3kat \u00e9s repr\u00f3kat haszn\u00e1lt fel a munk\u00e1j\u00e1hoz. \u00c9s persze sok-sok swarovski krist\u00e1lyt. \u00cdgy egyszerre t\u00f6bb t\u00f6rt\u00e9netet viselnek a bab\u00e1k, \u00e9s k\u00e9tf\u00e9le val\u00f3s\u00e1ggal n\u00e9z szembe a szeml\u00e9l\u0151. (Az \u00f6tlet, hogy kisfilmek fussanak a testemen, megragadott. Nem is tudom hirtelen, miket v\u00e1lasztan\u00e9k\u2026Valami brut\u00e1lt el\u0151re, egy dogmafilmet, \u00e9s az Elf\u00fajta a sz\u00e9l futna h\u00e1tul. A k\u00f6ny\u00f6k\u00f6mn\u00e9l a Titanic menne, de az csak a h\u00fagom miatt, jelz\u00e9sk\u00e9nt.)\r\n\r\n\u00c9rdemes v\u00e9gigmenni az \u00e1lland\u00f3 ki\u00e1ll\u00edt\u00e1sokon is, mind a kett\u0151n, mert a kezdetekt\u0151l 1994-ig tekinthetj\u00fck \u00e1t a n\u00e9met t\u00f6rt\u00e9nelmet. Kedvenceim persze az \u00e9letk\u00e9pek, a gazdagon berendezett vitrinek, \u00e9s \u00f3, igen, a korabeli ruh\u00e1k! Mint az al\u00e1bbiak is, 1790-b\u0151l:\r\n\r\n<a href=\"https:\/\/karafiathorsolya.cafeblog.hu\/files\/2013\/01\/IMG_2617.jpg\"><img class=\"alignleft  wp-image-32\" title=\"IMG_2617\" src=\"https:\/\/karafiathorsolya.cafeblog.hu\/files\/2013\/01\/IMG_2617-600x450.jpg\" alt=\"\" width=\"480\" height=\"360\" \/><\/a>\r\n\r\nIlyen kicsi melle manaps\u00e1g csak Keira Knightley-nak van\u2026\r\nDe tal\u00e1lunk ismer\u0151s szobabels\u0151ket \u00e9s vonatkup\u00e9t a Honecker-\u00e9r\u00e1b\u00f3l, \u00e9s a nyolcvanas \u00e9vek h\u00edres n\u00e9met \u201eerotikus\u201d filmek plak\u00e1tjaib\u00f3l is fellelhet\u00fcnk egy csinos v\u00e1logat\u00e1st. (Biztos vannak, akiknek m\u00e9g fogalom a hangal\u00e1mond\u00e1sos NSZK f\u00fclledts\u00e9g\u2026)\r\n\r\n\u00c1m a m\u00fazeum nagy ereje az id\u0151szaki t\u00e1rlatokban van. Egy modern hallon kell \u00e1tmenn\u00fcnk a r\u00e9gi r\u00e9szb\u0151l az \u00fajba \u2013 ha nem riasztanak a m\u00e9retek, itt meg is pihenhet\u00fcnk:\r\n\r\n&nbsp;\r\n\r\nJelenleg k\u00e9t ki\u00e1ll\u00edt\u00e1s fut, az egyiknek, a Verf\u00fchrung Freiheit-nek (szabads\u00e1g ir\u00e1nti v\u00e1gy) komoly magyar vonatkoz\u00e1sa van, kisfilmek futnak p\u00e9ld\u00e1ul Mauer D\u00f3r\u00e1t\u00f3l \u00e9s Kov\u00e1sznai Gy\u00f6rgyt\u0151l, egy \u00e9rdekes objektum l\u00e1that\u00f3 St. Auby Tam\u00e1st\u00f3l is. 28 orsz\u00e1g 113 m\u0171v\u00e9sze j\u00e1rja k\u00f6r\u00fcl a szabads\u00e1g legt\u00e1gabban \u00e9rtelmezhet\u0151 k\u00e9rd\u00e9s\u00e9t. K\u00fcl\u00f6n posztot \u00e9rdemelne a t\u00e1rlat, s\u0151t, ink\u00e1bb l\u00e1tni kell, sajnos febru\u00e1r k\u00f6zep\u00e9n bez\u00e1r.\r\n\r\n<a href=\"https:\/\/karafiathorsolya.cafeblog.hu\/files\/2013\/01\/IMG_26201.jpg\"><img class=\"wp-image-45 alignleft\" title=\"IMG_2620\" src=\"https:\/\/karafiathorsolya.cafeblog.hu\/files\/2013\/01\/IMG_26201.jpg\" alt=\"\" width=\"358\" height=\"269\" \/><\/a>\r\n\r\nA m\u00e1sik viszont \u00e1prilis v\u00e9gig l\u00e1that\u00f3: a n\u00e9met t\u00f6rt\u00e9nelem sz\u00e1z k\u00e9pben elmes\u00e9lve. (Im Atelier der Geschichte \u2013 a t\u00f6rt\u00e9nelem m\u0171term\u00e9ben c\u00edmmel) Illetve egy k\u00eds\u00e9rlet ez az elmes\u00e9lhet\u0151s\u00e9gre. A nagy cs\u00e1sz\u00e1rok k\u00e9pm\u00e1s\u00e1t\u00f3l a h\u00e9tk\u00f6znapi \u00e9letk\u00e9peken \u00e1t jutunk Lenin \u00e9s Szt\u00e1lin k\u00f6z\u00f6s k\u00e9p\u00e9ig, \u00e9s tov\u00e1bb.\r\n\r\nK\u00f6z\u00f6ss\u00e9gi terekben sem utols\u00f3 a hely, remek shop, kit\u0171n\u0151 k\u00e1v\u00e9z\u00f3, \u00e9s egy fantasztikus mozi is v\u00e1r minket. Nagy kedvencem a Zeughaus Kino, ami hasonl\u00f3 tal\u00e1n a mi \u00d6r\u00f6kmozg\u00f3nkhoz, r\u00e9gi filmek futnak a Solarist\u00f3l az Alphaville-ig (sokszor van angol feliratoz\u00e1s, a programot meg kell n\u00e9zni), \u00e9s kiemelt esem\u00e9nyek, mint amilyen a Berlin.Dokument program is, ahol havonta egyszer dokumentumfilmeket n\u00e9zhet\u00fcnk meg Berlinr\u0151l. Amikor kint \u00e9ltem, gyakori vend\u00e9g voltam, most is az leszek. \u00cdgy ugye m\u00e1r \u00e9rthet\u0151 ez a teljes nap?","type":"rich"}

A belváros - 1. rész

Turistaként ritkán van arra lehetőségünk, hogy egy teljes napot egyetlen múzeumnak szenteljünk. De a <a href="http://dhm.de/">Historisches Museum</a>-ot (Történeti Múzem) semmiképp nem szabad kihagyni.

<a href="https://karafiathorsolya.cafeblog.hu/files/2013/01/IMG_26251.jpg"><img class="alignleft size-medium wp-image-25" title="IMG_2625" src="https://karafiathorsolya.cafeblog.hu/files/2013/01/IMG_26251-225x300.jpg" alt="" width="225" height="300" /></a>Utcai viseleteket indultam fotózni, mert Berlinben az egyik legszórakoztatóbb tevékenységeim közé tartozik, hogy csak megyek, és nézem a figurákat. Rögtön a metrón leült velem szemben egy alak, aki elképesztően nézett ki: felül tüsi volt a haja, ám fejközéptől lágy hullámokban omlott alá. Szinte rongyokban volt, holott a géppark, amit magával cipelt, jól szituált embere engedett következtetni. Kaptam is elő a gépem, mire morogni kezdett, majd hadonászni, konkrétan röfögött, mire én futva menekültem. A Lustgartenben kezdtem bóklászni, abból baj nem lehet, gondoltam, és amúgy is le akartam fotózni a szépen felöltöztetett fát. Ez sikerült is.

Nyáron persze klasszabb a hely, de így is jó nézni a padokat és napozóágyakat. Na, a következő áldozatom, a néni az egyik ilyenen ült. Régi, özönvíz előtti bundát viselt, de a rúzsa belevöröslött a ködbe. A fején – nem viccelek – egy horgolt terítő volt, az alól göndörödtek ki platinaszőke, ondolált tincsei. Egy jelenség volt.

<a href="https://karafiathorsolya.cafeblog.hu/files/2013/01/IMG_26241.jpg"><img class="alignnone size-large wp-image-29" title="IMG_2624" src="https://karafiathorsolya.cafeblog.hu/files/2013/01/IMG_26241-600x450.jpg" alt="" width="600" height="450" /></a>

Kaptam elő a gépem, és innentől konkrét volt az életveszély. Egy fa mögül előugrott a hapsija (hasonlóan épületes látvány) és kiáltozva elzavart. A Historisches Museum bejáratáig ügettem. Csak jövő héten akartam feltérképezni a legendás <a href="http://hu.wikipedia.org/wiki/M%C3%BAzeum-sziget">MúzeumSzigetet</a>, de ha már itt vagyok… (Persze a részletesebb leírás és többi múzeum se várat sokáig magára.)

<a href="https://karafiathorsolya.cafeblog.hu/files/2013/01/karafiathberlin1.jpg"><img class="alignleft size-medium wp-image-31" title="karafiathberlin1" src="https://karafiathorsolya.cafeblog.hu/files/2013/01/karafiathberlin1-224x300.jpg" alt="" width="224" height="300" /></a>Szerencsére a divat ott van mindenütt, itt is. A múzeum lobbyjában <a href="http://stephanhann.com/">Stephan Hann</a> 5 ruhaszobra fogadja a látogatókat, az installáció az 1987 október 28-án alapított, tehát most a huszonöt éves jubileumát ünneplő múzeum tiszteletére készült. (Hivatalosan csak 2012 végéig lettek volna kint a lélegzetelállító alkotások, de a nagy siker miatt logikus a hosszabbítás.) Hann olyan designer és művész, aki szereti kultúrtörténeti tartalmakkal megtölteni az anyagokat. Most plakátokat, az eddigi kiállításokon bemutatott filmeket, fotókat és reprókat használt fel a munkájához. És persze sok-sok swarovski kristályt. Így egyszerre több történetet viselnek a babák, és kétféle valósággal néz szembe a szemlélő. (Az ötlet, hogy kisfilmek fussanak a testemen, megragadott. Nem is tudom hirtelen, miket választanék…Valami brutált előre, egy dogmafilmet, és az Elfújta a szél futna hátul. A könyökömnél a Titanic menne, de az csak a húgom miatt, jelzésként.)

Érdemes végigmenni az állandó kiállításokon is, mind a kettőn, mert a kezdetektől 1994-ig tekinthetjük át a német történelmet. Kedvenceim persze az életképek, a gazdagon berendezett vitrinek, és ó, igen, a korabeli ruhák! Mint az alábbiak is, 1790-ből:

<a href="https://karafiathorsolya.cafeblog.hu/files/2013/01/IMG_2617.jpg"><img class="alignleft  wp-image-32" title="IMG_2617" src="https://karafiathorsolya.cafeblog.hu/files/2013/01/IMG_2617-600x450.jpg" alt="" width="480" height="360" /></a>

Ilyen kicsi melle manapság csak Keira Knightley-nak van…
De találunk ismerős szobabelsőket és vonatkupét a Honecker-érából, és a nyolcvanas évek híres német „erotikus” filmek plakátjaiból is fellelhetünk egy csinos válogatást. (Biztos vannak, akiknek még fogalom a hangalámondásos NSZK fülledtség…)

Ám a múzeum nagy ereje az időszaki tárlatokban van. Egy modern hallon kell átmennünk a régi részből az újba – ha nem riasztanak a méretek, itt meg is pihenhetünk:

&nbsp;

Jelenleg két kiállítás fut, az egyiknek, a Verführung Freiheit-nek (szabadság iránti vágy) komoly magyar vonatkozása van, kisfilmek futnak például Mauer Dórától és Kovásznai Györgytől, egy érdekes objektum látható St. Auby Tamástól is. 28 ország 113 művésze járja körül a szabadság legtágabban értelmezhető kérdését. Külön posztot érdemelne a tárlat, sőt, inkább látni kell, sajnos február közepén bezár.

<a href="https://karafiathorsolya.cafeblog.hu/files/2013/01/IMG_26201.jpg"><img class="wp-image-45 alignleft" title="IMG_2620" src="https://karafiathorsolya.cafeblog.hu/files/2013/01/IMG_26201.jpg" alt="" width="358" height="269" /></a>

A másik viszont április végig látható: a német történelem száz képben elmesélve. (Im Atelier der Geschichte – a történelem műtermében címmel) Illetve egy kísérlet ez az elmesélhetőségre. A nagy császárok képmásától a hétköznapi életképeken át jutunk Lenin és Sztálin közös képéig, és tovább.

Közösségi terekben sem utolsó a hely, remek shop, kitűnő kávézó, és egy fantasztikus mozi is vár minket. Nagy kedvencem a Zeughaus Kino, ami hasonló talán a mi Örökmozgónkhoz, régi filmek futnak a Solaristól az Alphaville-ig (sokszor van angol feliratozás, a programot meg kell nézni), és kiemelt események, mint amilyen a Berlin.Dokument program is, ahol havonta egyszer dokumentumfilmeket nézhetünk meg Berlinről. Amikor kint éltem, gyakori vendég voltam, most is az leszek. Így ugye már érthető ez a teljes nap?
